
Calculate 21 + -4 - (-35 + (17 - 33) - -14).
54
Evaluate -3 - (-3 + (2 - 3) - (-38 + (40 - -2))).
5
What is -8 - ((20 - 3) + (18 - -1))?
-44
What is 1 + -96 + (0 - (0 - 17) - (1720 + -1710))?
-88
Calculate 132 + -125 - (59 + (4 - -2)).
-58
Evaluate (97 - (-3 + 1)) + (1 + 50 - (95 + -47)).
102
-7 + (0 + -7 - -14) + 15 - -11
26
Calculate (0 - (1 - 28)) + (4 - (5 + -3)) + -8.
21
Evaluate (-2 - -2) + -1 + (-11 + 1 - (-258 + 257)).
-10
(1 - -39) + (-1 - 1) - (94 + (-215 - -120))
39
What is 4 + (-77 - -48) - -121?
96
Evaluate (11 + 14 - (36 + -39)) + 27.
55
Evaluate 17 + -2 + -362 + 344 + (5 - -36).
38
(9 + -5 - 7) + -1 + -23 + 2 - 1
-26
Evaluate 130 + -3 - (2894 - 2832).
65
24 + (1 + 20 - (-42 + -27 + 133))
-19
What is 13 + 0 - (-1 + 32 + 1246 + -1367)?
103
What is (942 - 881) + (-180 - 1)?
-120
Calculate (273 - 88) + -145 - 77.
-37
What is (89 - (-7 + 5)) + 850 + -833?
108
What is the value of -16 + 28 + 36 + -6?
42
(4 + 0 - (-218 + 180)) + -24
18
Calculate -7 - ((-86 - -57) + -58).
80
(-1067 - -1050 - (-2 + -11 + 2)) + 26
20
What is 9 + 0 + 257 + -227 + 16?
55
What is -28 + 72 + -81 - -6?
-31
7 + -12 + (-55 - -90) - 22
8
Calculate (-8 + (61 - 33) - (2 + -83)) + -3.
98
What is -7 + (4 - -16) + (0 - -4 - 3) - 14?
0
Calculate (54584 - 54584) + 0 + 1 + 102.
103
-9 + (-23 - ((-57 - -9) + -12))
28
Evaluate 30 - (3 - (-6 - -49)) - 17.
53
Calculate -3 + 3 - 15 - (-93 + 43).
35
What is the value of 28 - (-21 + (-15 - -43))?
21
Calculate -9 + ((13 - 18) + -10 - (-54 - 110)).
140
Calculate 6 - (2 + -3) - (141 - (336 + -145)).
57
Calculate 49 - -2 - 0 - (-11 - (7 + -11 - 17)).
41
Calculate 40 + -109 + 25 - 32.
-76
Calculate 478 + -526 + (-11 - -76).
17
What is the value of -160 - (-271 - -118) - ((3 - 53) + -1)?
44
Evaluate (-7 + 2 - 1) + (-17 - (3 - (27 + 12))).
13
22 + (41 - 56) + -23
-16
What is 7 + (-13 + 5 + 8 - 10) + -1 + 71?
67
What is (-6 + -26 - -33) + 30 - -26?
57
What is -76 + 15 + -21 + (7 - 26) + 19?
-82
Calculate -93 - (29 - 29 - (-5 + 1 - (10 - 0))).
-107
What is the value of -25 - (42 + 49 + -44)?
-72
Evaluate -4 + -12 + 6 - (55 + -8) - -1.
-56
What is the value of 25 - 2 - (-62 - (-104 - -82))?
63
What is 526 - 523 - (1 + -25) - 39?
-12
7 + -8 - (16 + 1 + 92 + -43)
-67
Calculate -2 + 1 + -27 + (-2938 - -3029).
63
Calculate (767 - 771) + (3 - 60 - -3).
-58
What is the value of -3 - (-9 + 0 - (-5 - (-32 - -27 - 12)))?
18
Evaluate 40 + (10 - 8) + -18 + 3.
27
What is the value of 40 - 152 - (22 - 52)?
-82
What is 45 + 19 + (-13 - 20) + (-2 - 2)?
27
What is 2 + -1 + -30 + (20511 - 20444)?
38
-5024 - -5073 - (-1 - 2)
52
(60 - (-90 + 222)) + 63
-9
Calculate -26 - 2 - ((56 - -29 - 31) + -63).
-19
Calculate 4 - -5 - (-7 + (-8 - 20) + -2 + -3).
49
What is 20 - (112 + (2 - (33 - 12)) + 6)?
-79
Calculate 0 + (5 + -60 + -36 - 18).
-109
What is the value of -42 + 1 + 1032 + -1001?
-10
What is the value of -97 - ((-62 - -202) + -110)?
-127
(79 - -3) + (917 - 951)
48
Evaluate (-43 - -86 - 87) + 78.
34
Evaluate (74 - (2 + -3)) + -72 + 48 + 33.
84
What is 0 + 110 + -55 + (-22 - -78)?
111
0 + -1 - -34 - -3 - (704 + -697)
29
What is the value of (95 - 93) + (-1 - -73)?
74
What is the value of (-18 - (124 + -240)) + -110?
-12
What is 170 + -9 + (-1325 - -1205)?
41
What is -9 + (67 - (-21 - (-24 - -5)))?
60
What is 0 + -9 + -34 + (-42 - -36 - -13)?
-36
What is (-5 - -14) + -17 - 7 - -63?
48
What is the value of 324 + -323 - ((1 - (-3 - -5 - -1)) + -2)?
5
What is 41 - (-38 - -25) - (-1 + 34)?
21
What is 140 + 104 + 17 + -260?
1
What is the value of 4 + -2 - (-2 + -23 + (36 - 39))?
30
What is the value of -7 + 2 + (5 - (-12 - (13 - 21)))?
4
What is 90 + -47 + -60 - -21?
4
Calculate -77 - ((-48 - -1) + -65).
35
What is -81 + 2 + (-287 - -309)?
-57
(-77 - -91) + (7 - 0) + 11 + 3
35
What is 39 + -40 - (5 + -26) - -6?
26
What is the value of 95 + -85 + -22 + 3?
-9
What is (-3 - -2 - 14) + -184 + 45 + 105?
-49
What is 5 + (14 - 13) + (10 - (5 - -14))?
-3
Evaluate -22 + (129 + -137 - (1 - 5)).
-26
What is the value of 13 + (-39 - 7 - -53)?
20
What is the value of 2 + -1 + 2 + (6 + -35 - -52) + 9?
35
Calculate (104 - 73) + -114 - -88.
5
Evaluate -24 + (353 - 142) + -148.
39
Evaluate 827 - 944 - (-80 - -4).
-41
Evaluate (77 - (-5 - (-4 - -3))) + -38 + 85 + -60.
68
Calculate 50 + (123 - 124) + (2 - 3) + -5 + -1.
42
-12 + 2 - (17 + 1 + -26)
-2
What is 2 - -2 - (7 - 3) - (821 + -838)?
17
What is the value of (-56 - -93 - 61) + -109?
-133
What is 25 - ((-589 - -596 - (-6 + -1)) + 1 + -8)?
18
(-8 + -1 - (52 + -70)) + -7 + 2 + -32
-28
Calculate (-10 - 1) + (-102 + 119 - (0 + -2) - 15).
-7
What is the value of 8 + -22 + 20 - (54 + -4 + -1 + 2)?
-45
-27 + -7 + 34 + 39
39
What is the value of (-664 - -688) + 24 + 1 - 6?
43
(-18 - (4 - 2)) + (6 - -4) + 6 - 33
-37
-16 + (-135 + -62 - -96)
-117
What is the value of 82 + (-105 - -6) - (-1 - 38)?
22
Calculate 1 - 2 - ((36 - 68) + 36 - (-4 - 28)).
-37
27 - (15 + 14 + -8)
6
Evaluate (8 - 146) + -615 + 683.
-70
What is (-73 - -125 - (-1 - -19) - 17) + 54?
71
Calculate -2 - -77 - (-16 + 15 + -20 + 32).
64
What is -1371 - -1418 - (-1 + 100)?
-52
Evaluate 9 + -1 + -52 - -125.
81
Calculate -22 + 6 + (2 - 3) + 39.
22
Calculate -13 + -82 + 174 + -2 + 2 + 7.
86
(5 + 81 - 5) + -74
7
Evaluate -2 + -13 + 1 + (-4 - 1 - -17) + 60.
58
What is 15 + (15 - (-8 - (23 + -43))) + 8?
26
Evaluate 0 + 32 - (-7 + -128 + 266).
-99
14 - 32 - (14 + (-23 - 13))
4
Calculate -2126 + 2075 - (2 + -19).
-34
Calculate -6 + 50 + -55 - (-16 + 12 + 0 + 49).
-56
Evaluate 16 + 1 + (-5 + (-3 - -3) - -7).
19
What is the value of 17 + (-22 - -21) + -15 - (-2 - 2)?
5
What is -12 + 1 + 5 + -7 + (44 - -5)?
36
(15 - (-5 - (16 - 31))) + (0 - 2) + -92
-89
33 + -2 + -322 + 330
39
(1 - 9) + (7 - (13 - 0 - (-181 + 122)))
-73
What is the value of 5 - 4 - 148 - (-3209 - -3171)?
-109
What is the value of 3 + -1 + (-18 + -7 + 8 - -11)?
-4
What is the value of 4 - -4 - 0 - (-66 - -71 - (-20 - -2))?
-15
What is (-309 - -259) + 1 + -3?
-52
7 + -37 + 56 + 29
55
Evaluate (96 - (-82 + 154)) + 3 + -3 + 1 + 0.
25
What is the value of 8 + (0 - 0) + (-98 + 36 - -25 - -7)?
-22
Calculate 114 - (2 + -6 + (4 + -2 + 3 - -10)).
103
What is the value of (62 - 114) + 46 + 67 + (1 - (5 - 2))?
59
10 - (-17 - -5 - (-66 - 30))
-74
What is (1 - 52) + 193 + -67 + -160?
-85
Evaluate -1 + 32 - ((-22 - -156) + -118).
15
-114 - (-111 + -78 + 137)
-62
10 + 10 + -20 - (-2 - -28)
-26
What is 0 - ((-294 - -305) + (-4 + -24 + 2 - -4))?
11
-9 + (-1 - -5) + 23 + (-21 - 1) + 79
75
What is (-1 - 1) + (-5102 - -5115) + (0 + 1 - 15)?
-3
(-14 - (16 + (27 - 13) + -28)) + 11
-5
Calculate -16 - ((-14 - 4) + -9) - (-1 + 7).
5
Evaluate (-6571 - -6566) + (30 - (0 + 1 + -2)).
26
What is the value of -17 - (14 - (97 + -86 + -10 + 0))?
-30
-32 - (21 + 1 + -45)
-9
Calculate 92 + -57 + 19 - -3.
57
8 + -3 + 5 + -80 + 42 + -76
-104
Calculate 39 + 0 - (-24 - (-18 + -29 + 25)).
41
Evaluate 18 - ((-27 - -117) + (-8 - (-8 - -6))).
-66
Calculate 1 + -1 + -10 - (-5 - (-4 - -32)).
23
What is the value of (-4 + -5 - -3 - (-15 + 17 + -8)) + -18?
-18
Calculate (-105 - (-222 + 135)) + 79.
61
What is the value of -132 + 111 - (-16 - -44)?
-49
Calculate (-54 - 70) + 7 + -24.
-141
Calculate (-5 - 0 - -15 - -32) + (10 - -1) + -1.
52
27 - ((-30 + 20 - (-24 - -7)) + -20)
40
2048 + -2037 + (2 - (24 + -2))
-9
What is the value of 293 + -282 - (-13 - 4)?
28
What is the value of (8 - (-49 - -14)) + -73 + -40?
-70
Calculate -70 - -112 - (12 + -9 + 4 - -5).
30
-4 - (-9 + -10 + 28 + (7 - (2 - -2)))
-16
What is the value of -27 - -1 - (1421 - 1460)?
13
What is ((-44 - -4) + 11 - -12) + (-5 - -2 - 4)?
-24
Calculate 80 + (-9 - (-9 - -1)) + -6.
73
What is 38 - (-46 - -75) - (-2 + 24)?
-13
Evaluate (-7 - (6 + -15)) + 5 - (-39 - (6 + -5)).
47
What is -33 - (15 + -23 + 46 + -41)?
-30
What is (300 - 428) + (29 + -3 - 3) - 19?
-124
-52 - (-103 + 23 + 30)
-2
-11 + -16 + 18 + -10 + 8 + -8
-19
Calculate -34 + 2 + -2 + -19 + (-100 - -132).
-21
Evaluate -2 + 5 - (91 - (133 + -24)).
21
What is -2 - -46 - (66 + -37 - 26)?
41
-803 + 738 + ((1 + 2 - 4) + 3 - -11)
-52
What is (-248 + 129 - -2) + 197?
80
What is the value of -4 + (13 - (40 + -1 - (-20 + 19 - 3)))?
-34
What is the value of (21 - 69) + 38 + 41 + -5?
26
Calculate -37 + (49 - (27 + -28)).
13
Evaluate 26 - (-2 + -15 + 9